)/(-20) + 1/g.
2, 3
Let f(c) = c**3 + c - 38. Let z be f(0). Let w = z + 63. List the prime factors of w.
5
Suppose 3 = -5*g + 3*b, -3*g + g - 5*b = -5. Let d(u) = 2 + 2*u**2 + g*u + 7*u - u. List the prime factors of d(-4).
2, 5
Let m(q) = 2*q**3 + 6*q**2 + 6*q + 5. Let b be m(-4). Let l = 76 + b. List the prime factors of l.
5
Let h be 22/6 + 4/12. Suppose 0 = 2*o + i - 38, -h*i + 26 = 2*o - 9*i. What are the prime factors of o?
2, 3
Let m(x) = -3*x - 1. Let r be m(-1). Let o be 2/(-3) - (-33)/9. Suppose -o*v - 21 = -r*g, -g - 3*g + 2*v + 54 = 0. What are the prime factors of g?
3, 5
Let o(h) = 2*h**2 - 5*h + 1. What are the prime factors of o(-4)?
53
Let o(q) = -q**2 + 15*q + 13. List the prime factors of o(11).
3, 19
Let z(u) = -u**2 + 4*u**2 + 8*u - 4*u**2 - 11 + 2*u. Let g be z(8). Suppose g*a = 5*y - 60, -y + a = -2*y + 20. List the prime factors of y.
2
Let f = 528 + -320. List the prime factors of f.
2, 13
List the prime factors of 5 + (-890)/(-15) - 2/(-3).
5, 13
Suppose -r + 5 = 3. List the prime factors of r/(-7) + (-144)/(-14).
2, 5
Suppose 12 = 2*b - 4*u + 9*u, 5*u = 4*b - 54. List the prime factors of b.
11
Suppose a = 3 + 5. Suppose 0 = -0*q - 3*q + 6, 3*s + 4*q - 11 = 0. Let f = s + a. What are the prime factors of f?
3
Suppose 13*y - 190 = 1019. What are the prime factors of y?
3, 31
Suppose 5*u - 27 = -l, 4*l - u + 4 - 7 = 0. Suppose -7 + 5 = 2*x. What are the prime factors of ((l + 2)/(-1))/x?
2
Suppose -3*f - v + 8 + 3 = 0, 0 = 2*v + 2. Suppose -r = 2*r - 6, f*d - 86 = -5*r. What are the prime factors of d?
19
Let z(k) = k - 2. Suppose 0 = -5*q - b + 22, -3*q - 4*b + 0*b = -3. Let j be z(q). What are the prime factors of 45/(j - 0) - 0?
3, 5
Let j be (7/(-2))/((-3)/(-6)). Let b(n) = -3 - 1 + 2 - 5 + n**2 + 3*n. What are the prime factors of b(j)?
3, 7
Let d(g) = -g**3 + g**2 + 1. Let k(y) = -2*y**2. Let x be k(1). Let p be d(x). Let w = 26 - p. List the prime factors of w.
13
Let b = 12 + 19. Suppose 29 + b = 5*n. Suppose -5*w + 5*j = -35, -2 - n = -2*w + 5*j. What are the prime factors of w?
7
Suppose -3 = -4*b + 3*b. Suppose -3*y - 2*k = -13 - 7, -b*k = -3*y. What are the prime factors of y/18 + 79/9?
3
Suppose 0 = 3*y - 9, 33 + 177 = 3*v + 4*y. Suppose 0 = -4*l + v + 26. List the prime factors of l.
23
Suppose 3*f - 2*f = 2*r + 19, 6 = -3*r. What are the prime factors of f?
3, 5
Let f(h) = h**2 - 3*h - 2. Let i be f(4). Suppose -i*l - 3*l + 30 = 0. Suppose 2*k = -k + l. What are the prime factors of k?
2
Let w(g) = 20*g**3 + g - 1. Let l be w(1). Suppose -4*d + l = x - 8, 0 = 2*x + 2*d - 38. What are the prime factors of x?
2
Suppose 0*z - z - 121 = -4*y, 5*y = 5*z + 155. Suppose -y = -3*i - 0*i. List the prime factors of i.
2, 5
Let o = -2 + 7. Let x = 4 - o. What are the prime factors of x/(24/(-22) + 1)?
11
Let a(j) = j - 3. Let u be a(6). Suppose 0 = -u*p - 5 - 4. List the prime factors of 1*p + (19 - -2).
2, 3
Suppose v - 175 = 2*o + 3*o, 0 = 5*v + 2*o - 740. List the prime factors of v.
2, 3, 5
Suppose -66 = 2*m - 3*x, 2*x - 140 = 3*m + m. List the prime factors of (-368)/m - (-2)/(-9).
2, 5
Suppose -z + 48 = z. Let r = 55 - z. Let d = r + -19. What are the prime factors of d?
2, 3
Let k = -5 + 5. Let r be -2 + (k + 1)*2. Suppose -16 = -2*g - r*g. List the prime factors of g.
2
Let r(p) = -p - 8 - 2 - p. What are the prime factors of r(-9)?
2
Let p(a) = 47*a + 2. List the prime factors of p(1).
7
Suppose 4*v = -0*v + 12. Suppose -v = -l - 0*l. List the prime factors of l.
3
Let j(g) = 2*g**2 - 5*g - 4. What are the prime factors of j(4)?
2
Let m = 259 + -167. What are the prime factors of m?
2, 23
Let q be 88/14 - 2/7. Let k(u) = u**2 - 3*u. List the prime factors of k(q).
2, 3
Suppose 0*o - 5*o = -340. Suppose 3*d + 4*r - 29 = 0, -r - r - o = -4*d. Suppose 2*p - d = -p. List the prime factors of p.
5
Let j be 2/(-2 - 16/(-6)). Suppose -5*h = -2*h + 4*m + 2, 0 = j*h + 5*m + 4. What are the prime factors of h?
2
Suppose 0 = i - 1, 4*w = w - 5*i + 176. What are the prime factors of w?
3, 19
Let j be 10*-2*2/(-4). What are the prime factors of ((-30)/12)/((-1)/j)?
5
Let b(l) = -l**3 - 12. Let q be b(0). Let t = q + 19. List the prime factors of t.
7
Let l(d) = d**3 - 5*d**2 - 8*d - 1. Let z be l(7). Let v be (1 - 25) + 3 + -6. Let h = v + z. List the prime factors of h.
2, 7
Suppose -10*w = -12*w. Suppose w*z + z = 5*i - 98, -4*i + 72 = -4*z. List the prime factors of i.
2, 5
Suppose -5*s - f + 11 + 13 = 0, 3 = -3*f. List the prime factors of s.
5
Suppose -3*j + 279 - 72 = 0. Suppose -2*d + 5*d = j. What are the prime factors of d?
23
Let u(g) = -g**3 + 4*g**2 + 3*g + 1. Let x be u(5). Suppose 0 = 2*n - 1 + 7. List the prime factors of 0 + n/(x/6).
2
Suppose 5*w = 3*b - 10, -5*w = 4*b - 0*w - 25. What are the prime factors of b?
5
Let y(b) = 5*b**3 - b**2 + 15*b + 2. Let x(c) = 3*c**3 + 8*c + 1. Let j(n) = -7*x(n) + 4*y(n). List the prime factors of j(-5).
2, 3
Suppose 0 = 2*h - 7*h. Suppose y - 31 + 3 = h. List the prime factors of y.
2, 7
Let c(b) = 24*b - 8. What are the prime factors of c(9)?
2, 13
Suppose -11*d = -4*d - 651. What are the prime factors of d?
3, 31
Let s(j) = 1 - 9 + 0 - 2*j + 0. What are the prime factors of s(-7)?
2, 3
Suppose 3*o + 42 = c, o - 20 = -3*o. List the prime factors of c.
3, 19
Let k = 0 - 0. Suppose k = -7*r + 2*r. Suppose m = -r*m + 14. List the prime factors of m.
2, 7
Let j(k) = k**2 - 4. Let u be j(3). Suppose -u*h - 17 + 197 = 0. What are the prime factors of h?
2, 3
Let q(g) = 3*g**2 - 2*g - 1. Let u be (-4)/8 + (-1)/2. What are the prime factors of q(u)?
2
Suppose -2 + 10 = -4*x. Suppose -2*j - 3*z = -0*z - 15, 3*z = -j + 9. Let d = j + x. What are the prime factors of d?
2
What are the prime factors of (-1)/(2/(-6)) - -17?
2, 5
Let i = -4 - -4. Suppose -3*f = -i*f - 3. Suppose 5*o = 3*n + 23, 2*n = o + 2 - f. List the prime factors of o.
7
Suppose 2*d + 3 + 17 = 0. Let m(a) = -a**3 - 9*a**2 + 6*a. List the prime factors of m(d).
2, 5
Let v = -1 - -2. Let h(u) = 5*u - 2*u + 8*u + u. List the prime factors of h(v).
2, 3
Suppose -j = 2*x - x - 1, -x - 4*j - 2 = 0. Suppose x = n - 2. What are the prime factors of n?
2
Let z(y) = 2*y**3 - 4*y**2 - 2*y + 4. Let j be z(3). Suppose -j = 5*v + 34. Let p = -4 - v. List the prime factors of p.
2, 3
Suppose -3*y + 18 = -3*n, 4*y - 2*n = -0*n + 18. Let r = -9 + y. What are the prime factors of ((-9)/6)/(r/8)?
2
Let b(z) = -z**2 - 5*z - 6. Let v be b(-5). What are the prime factors of (9/v)/(6/(-56))?
2, 7
Suppose 0 = -2*g - 0*g + 276. List the prime factors of g.
2, 3, 23
Let a(o) = 4*o + 4. Suppose 4*q - 2*q = 6. What are the prime factors of a(q)?
2
Let p = 16 - 14. What are the prime factors of p?
2
Let w(p) = 2*p + 12. What are the prime factors of w(9)?
2, 3, 5
Suppose 0 = d + 2*d - 30. What are the prime factors of d?
2, 5
Suppose -16 = -4*y, -3*y + 201 = h - 2*y. List the prime factors of h.
197
Suppose -25 = 3*g - 8*g. Suppose 0 = -g*f - 2*v + 25, 4*v - 5 = -3*f - 4. Let j(b) = -b**3 + 7*b**2 + 2*b - 5. What are the prime factors of j(f)?
3
Let x = -125 - -275. What are the prime factors of x?
2, 3, 5
Let f be 2/(1*-4)*0. Let a = 10 - f. List the prime factors of a.
2, 5
Let h be (-592)/(-112) - (-2)/(-7). Suppose 14 = 5*r - 0*n - 4*n, h*r - 5*n = 15. What are the prime factors of r?
2
Let l be ((-1)/2)/(3/(-18)). Let p(d) = 2*d**3 - 4*d**2 + 3*d + 1. What are the prime factors of p(l)?
2, 7
Let o = 110 - 98. What are the prime factors of o?
2, 3
Let q(w) = 5*w - 9. Suppose -2*n + 24 = 4*v + 2*n, 38 = 3*v - 2*n. List the prime factors of q(v).
41
Suppose 3*p + 5 = 2*p - 4*h, 24 = 3*p - h. Suppose u - 2*y = -p*y + 36, y - 16 = -u. What are the prime factors of u?
11
Suppose 0 = -3*c + 6*c - 3. Suppose -67 = -3*s - c. What are the prime factors of s?
2, 11
Let a(u) = -u - 1. Let r be a(5). Let d be (-60)/(-4)*(-8)/r. Suppose -2*n = -d + 4. What are the prime factors of n?
2
Suppose 0 = -f + 12 + 12. Suppose 5*g - f = g. What are the prime factors of g?
2, 3
Suppose 3 + 1 = -v. Let g = v - -6. What are the prime factors of g?
2
Let a = 3 + -1. Suppose 0 = -h - 2, m - a*h = 27 + 11. Suppose m + 46 = 5*y - 4*x, 2*y + 4*x - 4 = 0. What are the prime factors of y?
2, 3
Suppose -2*i + 7 + 5 = 4*h, 5*h + 15 = 0. Suppose -5*j - 7 = l 